{"id":13,"date":"2016-06-14T11:03:11","date_gmt":"2016-06-14T09:03:11","guid":{"rendered":"http:\/\/zoller-patrizia.ch\/?page_id=13"},"modified":"2020-03-26T12:12:57","modified_gmt":"2020-03-26T11:12:57","slug":"kunst-mieten","status":"publish","type":"page","link":"https:\/\/zoller-patrizia.ch\/index.php\/kunst-mieten\/","title":{"rendered":"Kunst mieten"},"content":{"rendered":"<div id=\"pl-13\"  class=\"panel-layout\" >\n<div id=\"pg-13-0\"  class=\"panel-grid panel-no-style\" >\n<div id=\"pgc-13-0-0\"  class=\"panel-grid-cell\"  data-weight=\"1\" >\n<div id=\"panel-13-0-0-0\" class=\"so-panel widget widget_sow-editor panel-first-child panel-last-child\" data-index=\"0\" data-style=\"{&quot;background_image_attachment&quot;:false,&quot;background_display&quot;:&quot;tile&quot;}\" >\n<div class=\"so-widget-sow-editor so-widget-sow-editor-base\">\n<div class=\"siteorigin-widget-tinymce textwidget\">\n\t<\/div>\n<\/div>\n<\/div>\n<\/div>\n<\/div>\n<div id=\"pg-13-1\"  class=\"panel-grid panel-no-style\"  data-style=\"{&quot;background_display&quot;:&quot;tile&quot;}\" >\n<div id=\"pgc-13-1-0\"  class=\"panel-grid-cell\"  data-weight=\"0.6224989740846\" >\n<div id=\"panel-13-1-0-0\" class=\"so-panel widget widget_sow-editor panel-first-child panel-last-child\" data-index=\"1\" data-style=\"{&quot;background_image_attachment&quot;:false,&quot;background_display&quot;:&quot;tile&quot;}\" >\n<div class=\"so-widget-sow-editor so-widget-sow-editor-base\">\n<div class=\"siteorigin-widget-tinymce textwidget\">\n<p>Gestalten Sie Ihre R\u00e4ume durch Originalbilder laufend neu und inspirierend. Bringen Sie regelm\u00e4ssig Ver\u00e4nderung in Ihre Wohnung, Praxis oder B\u00fcro.<\/p>\n<p>Durch das Wechseln von Farben erfreuen Sie die Sinne des Betrachters und k\u00f6nnen Ihre R\u00e4ume kunstvoll und wechselhaft gestalten. Sie bewirken damit ein Wohlbefinden f\u00fcr sich, Ihre Kunden und Mitarbeiter.<\/p>\n<p>Sie k\u00f6nnen neu die Bilder ausleihen. Besonders gut eignet sich diese Variante bei einer tempor\u00e4ren Raumbesetzung oder wenn Sie gerne die Farben \u00e4ndern. W\u00f6chentlich, Monatlich oder J\u00e4hrlich stehen Ihnen viele verschiedene Bilder mit den unterschiedlichsten Farben zur Verf\u00fcgung.<\/p>\n<p>Kontaktieren Sie mich f\u00fcr weitere Informationen.<\/p><\/div>\n<\/div>\n<\/div>\n<\/div>\n<div id=\"pgc-13-1-1\"  class=\"panel-grid-cell\"  data-weight=\"0.3775010259154\" >\n<div id=\"panel-13-1-1-0\" class=\"so-panel widget widget_sow-editor panel-first-child panel-last-child\" data-index=\"2\" data-style=\"{&quot;background_image_attachment&quot;:false,&quot;background_display&quot;:&quot;tile&quot;}\" >\n<div class=\"so-widget-sow-editor so-widget-sow-editor-base\">\n<div class=\"siteorigin-widget-tinymce textwidget\">\n<p><img decoding=\"async\" class=\" wp-image-789 alignright\" src=\"https:\/\/zoller-patrizia.ch\/wp-content\/uploads\/2020\/03\/Schwingungen-im-WZ-300x208.jpg\" alt=\"\" width=\"378\" height=\"262\" srcset=\"https:\/\/zoller-patrizia.ch\/wp-content\/uploads\/2020\/03\/Schwingungen-im-WZ-300x208.jpg 300w, https:\/\/zoller-patrizia.ch\/wp-content\/uploads\/2020\/03\/Schwingungen-im-WZ-1024x711.jpg 1024w, https:\/\/zoller-patrizia.ch\/wp-content\/uploads\/2020\/03\/Schwingungen-im-WZ-500x347.jpg 500w, https:\/\/zoller-patrizia.ch\/wp-content\/uploads\/2020\/03\/Schwingungen-im-WZ-1140x791.jpg 1140w, https:\/\/zoller-patrizia.ch\/wp-content\/uploads\/2020\/03\/Schwingungen-im-WZ.jpg 1657w\" sizes=\"(max-width: 378px) 100vw, 378px\" \/><\/p>\n<\/div>\n<\/div>\n<\/div>\n<\/div>\n<\/div>\n<\/div>\n","protected":false},"excerpt":{"rendered":"<p>Gestalten Sie Ihre R\u00e4ume durch Originalbilder laufend neu und inspirierend. Bringen Sie regelm\u00e4ssig Ver\u00e4nderung in Ihre Wohnung, Praxis oder B\u00fcro. Durch das Wechseln von Farben erfreuen Sie die Sinne des Betrachters und k\u00f6nnen Ihre R\u00e4ume kunstvoll und wechselhaft gestalten. Sie bewirken damit ein Wohlbefinden f\u00fcr sich, Ihre Kunden und Mitarbeiter. Sie k\u00f6nnen neu die Bilder ausleihen. Besonders gut eignet sich diese Variante bei einer tempor\u00e4ren Raumbesetzung oder wenn Sie gerne die Farben \u00e4ndern. W\u00f6chentlich, Monatlich oder J\u00e4hrlich stehen Ihnen viele verschiedene Bilder mit den unterschiedlichsten Farben zur Verf\u00fcgung. Kontaktieren Sie mich f\u00fcr weitere Informationen.<\/p>\n","protected":false},"author":1,"featured_media":0,"parent":0,"menu_order":0,"comment_status":"closed","ping_status":"closed","template":"","meta":{"footnotes":""},"class_list":["post-13","page","type-page","status-publish","hentry"],"_links":{"self":[{"href":"https:\/\/zoller-patrizia.ch\/index.php\/wp-json\/wp\/v2\/pages\/13"}],"collection":[{"href":"https:\/\/zoller-patrizia.ch\/index.php\/wp-json\/wp\/v2\/pages"}],"about":[{"href":"https:\/\/zoller-patrizia.ch\/index.php\/wp-json\/wp\/v2\/types\/page"}],"author":[{"embeddable":true,"href":"https:\/\/zoller-patrizia.ch\/index.php\/wp-json\/wp\/v2\/users\/1"}],"replies":[{"embeddable":true,"href":"https:\/\/zoller-patrizia.ch\/index.php\/wp-json\/wp\/v2\/comments?post=13"}],"version-history":[{"count":34,"href":"https:\/\/zoller-patrizia.ch\/index.php\/wp-json\/wp\/v2\/pages\/13\/revisions"}],"predecessor-version":[{"id":792,"href":"https:\/\/zoller-patrizia.ch\/index.php\/wp-json\/wp\/v2\/pages\/13\/revisions\/792"}],"wp:attachment":[{"href":"https:\/\/zoller-patrizia.ch\/index.php\/wp-json\/wp\/v2\/media?parent=13"}],"curies":[{"name":"wp","href":"https:\/\/api.w.org\/{rel}","templated":true}]}}